2, 5
Let k(p) = -p**3 - 5*p**2 + 23*p - 7. Let t be k(-8). Suppose 4*v + 8 = -4*n, 2*v = n + 4*n + 17. List the prime factors of t + v/((-1)/(-15)).
2
Suppose 3*g - 68 = -14. What are the prime factors of g?
2, 3
What are the prime factors of -1*1 + 33 + -25 + 23?
2, 3, 5
Let w(t) = 47*t**3 + 6*t - 5. What are the prime factors of w(1)?
2, 3
Let k(s) = -s. Let o(m) = -3 + 1 + 2 + 4. Let a(i) = -3*k(i) - o(i). What are the prime factors of a(5)?
11
Let u = -102 - -176. List the prime factors of u.
2, 37
Let i = 11 - 2. List the prime factors of i.
3
Let w(y) = y**3 + 6*y**2 + 6*y + 4. List the prime factors of w(-4).
2, 3
Suppose 5*f + c + 3*c - 20 = 0, 4*c = -2*f + 8. Let l(p) = 0*p**2 + f*p**2 + p**2. List the prime factors of l(-1).
5
Let q be (-3)/(-2)*16/6. Suppose 2 = -o + q. Suppose -o*x + 40 = -0*x. List the prime factors of x.
2, 5
Suppose 5*w - 1241 = 8*h - 11*h, 0 = 2*h - 4*w - 820. List the prime factors of h.
2, 103
Let o be ((-6)/(-8))/((-4)/(-176)). What are the prime factors of 2/(-11) + 435/o?
13
Let u(j) = 4 - j**3 + 483*j + 3*j**2 - 483*j. Suppose -3*c + 9 = -0. What are the prime factors of u(c)?
2
Let p(u) = u**2 + 42. What are the prime factors of p(0)?
2, 3, 7
What are the prime factors of (0 + -1)/(4/(-376))?
2, 47
Suppose 5*l + 6 = -9. Suppose o - 2*o = u - 10, -34 = -5*u + 3*o. Let x = u + l. What are the prime factors of x?
5
Let s(n) be the third derivative of n**6/120 + 7*n**5/60 + n**4/8 + n**3/3 - 4*n**2. What are the prime factors of s(-6)?
2, 5
Suppose -2*j + 3 = -3*q, 0*q + 2*q - 8 = 3*j. Let p be 12/(0 - j/9). What are the prime factors of (-4)/p + (-38)/(-9)?
2
Let v = -9 + 9. Suppose 6 = -5*o + 16. Suppose -l + o*l - 9 = v. What are the prime factors of l?
3
Suppose m + 3*n - 145 = 0, 2*m - 6*m - n + 547 = 0. What are the prime factors of m?
2, 17
Let w(s) be the first derivative of s**3 - 3*s**2 + 3*s + 1. Let m be w(4). Suppose 9 = 4*i - m. What are the prime factors of i?
3
What are the prime factors of 17 + 0 + 4/2?
19
Let a = -4 - -6. Let x = 11 + a. What are the prime factors of x?
13
Let v = 127 - 91. List the prime factors of v.
2, 3
Let g be 518/42 + (-8)/6. Let j = g + 9. What are the prime factors of j?
2, 5
List the prime factors of (-6)/(-27) - (-194)/18.
11
Let d(k) = -13*k - 12. List the prime factors of d(-8).
2, 23
Let o = 10 + -2. Let m = o - 11. List the prime factors of m/(-4) + 325/20.
17
Suppose -2*j + 80 = -162. List the prime factors of j.
11
Let x(j) = -j**2 + 2*j. Let s be x(2). Suppose -65 = -s*p - 4*p + 5*w, p = -2*w. What are the prime factors of p?
2, 5
Suppose -18*c = -17*c - 2. List the prime factors of c.
2
Suppose -3*j = 0, 2*o - 390 = 4*j - 66. List the prime factors of o.
2, 3
Suppose -22 = 2*l + l - 5*h, -2 = 2*h. Let s = l - -10. Suppose 0 = 3*x - s + 4, x + 22 = z. What are the prime factors of z?
3, 7
Let n(m) = -m**3 + 7*m**2 - 6*m + 8. Let p = -7 + 12. Suppose 0 = -3*l - p*h + 38, 0*l - 26 = -l - 5*h. What are the prime factors of n(l)?
2
Suppose -13*w = -50 + 11. What are the prime factors of w?
3
Suppose 4*h = h + 9. Suppose -h*o + 6 = -0. Suppose o*w = -0*w + 20. List the prime factors of w.
2, 5
What are the prime factors of 30/20*(-266)/(-3)?
7, 19
Let k(q) = -4*q + 2. Let w(c) = 3*c - 1. Let f(a) = -5*k(a) - 7*w(a). Let t be f(-5). List the prime factors of t + -3 + 1 + 6.
2, 3
Let w(n) = 59*n**2 + 2*n + 2. What are the prime factors of w(-1)?
59
Let i = 143 + -72. List the prime factors of i.
71
Let w(r) = -r**2 + 6*r. Suppose -3*a + 12 + 3 = 0. Let n be w(a). Suppose 0 = 5*o + n*q - 10, -8 - 10 = -5*o + 3*q. List the prime factors of o.
3
Let z be 1 - 1/((-4)/40). Suppose -z = 3*g - 32. What are the prime factors of g?
7
List the prime factors of (2 - 6) + (0 - (-68 - -1)).
3, 7
What are the prime factors of ((-21)/3)/(-1*1)?
7
List the prime factors of 62 + 0 + -2 + -2.
2, 29
Let t(b) = b**3 - 3*b**2 - 2*b - 3. Let j be t(4). Let d(q) be the second derivative of q**5/20 - q**4/3 - 2*q**3/3 + 7*q. What are the prime factors of d(j)?
5
Let c be 144/10 + 4/(-10). Let i be (16/2)/(12/(-3) + 6). Suppose i*y + c = 74. List the prime factors of y.
3, 5
Let a(p) = p - 2. Let u be a(4). List the prime factors of 1*(-2)/u - -8.
7
Suppose 0 = 4*d - 23 + 7. Suppose d*a + 2*l - 27 = -9, 3*a - 6 = l. What are the prime factors of a?
3
Let k = -15 - -15. What are the prime factors of 23 - k/(-1 - -4)?
23
Suppose 2*w - 4*w + 4*m - 8 = 0, 0 = 4*w + 4*m - 32. What are the prime factors of 16 + w/2 - 0?
2, 3
Suppose -80 = -l - 3*l. Suppose -5*f - 7*b + 3*b = 4, b = 3*f - 1. Suppose 3*o - l - 1 = f. List the prime factors of o.
7
Let c be (2/5)/(2/90). Let g = 32 - c. List the prime factors of g.
2, 7
Let t(s) = -s**2 + 8*s + 9. Let m be t(8). Suppose -3*k - 34 = -5*o, 3*o - 9 = k + m. List the prime factors of o.
5
Let r = 9 - 5. Suppose 2*y = 3*m + 3 + 26, -r*y - 2*m + 18 = 0. Let w(t) = t**2 - 5*t - 4. List the prime factors of w(y).
2, 5
Let u = 11 - 6. Suppose -u*p + 89 = 9. What are the prime factors of p?
2
Suppose 5*z - 17 = -q, z + 3*z = 5*q - 201. What are the prime factors of q?
37
Let q(c) = 14*c**3 + c**2 + 6*c - 14. Let x(n) = 5*n**3 + 2*n - 5. Let l(j) = -3*q(j) + 8*x(j). Suppose 3 = -3*r - 3. What are the prime factors of l(r)?
2, 5
Let q(x) = 7*x - 4. Let i be q(10). Let n = 93 - i. List the prime factors of n.
3
Let j be 1/(1 - 10/9). Let m = j + 13. Suppose 3*y - n - 1 = 4*n, -5*y = m*n - 14. What are the prime factors of y?
2
Suppose 3*u - 348 = -123. List the prime factors of u.
3, 5
Let n = 35 + 4. Let s = -18 + n. What are the prime factors of s?
3, 7
Suppose 3*p - 4 = 11. Let m = -4 - -6. Suppose -5*b = -6*x + m*x + 28, -p*x + 6 = b. List the prime factors of x.
2
Let h = 568 - 271. What are the prime factors of h?
3, 11
Suppose 0 = 3*p - 5*p + 8. Suppose a = -p*a + 50. List the prime factors of a.
2, 5
Suppose f + 20 = 5*f. Suppose 44 = 4*z + 4*q, -5*z + z + 42 = f*q. What are the prime factors of z?
13
Let l(f) = 27*f**3 + 2*f**2 - 2*f - 1. Let n(i) = 134*i**3 + 10*i**2 - 11*i - 5. Let w(v) = -11*l(v) + 2*n(v). What are the prime factors of w(-1)?
2, 7
Let v be 400/15*(-198)/15. What are the prime factors of 2/6 - v/6?
59
Let v = 34 + -22. Let c = v + -6. Let a(f) = -f**3 + 6*f**2 + f - 1. List the prime factors of a(c).
5
Let o = -21 - -29. Suppose o = l - 1. List the prime factors of l.
3
Let w = -5 + 5. List the prime factors of -1 + 9 - (w - 0).
2
Suppose -5*o + 3*o = 2*y + 6, 0 = y - 2*o - 9. Suppose 3 = 2*b - y. Suppose -2*c + 36 = b*c. What are the prime factors of c?
3
List the prime factors of -1*(-7 - -3)*10.
2, 5
Suppose 4*n = -11 + 39. Let g = -9 + 6. Let x = g + n. What are the prime factors of x?
2
Let j(g) be the third derivative of -g**5/60 + g**4/3 - 5*g**3/6 - g**2. Let f be j(7). What are the prime factors of (f - -6) + 2/1?
2, 5
Suppose 0 = x - 6*x - 10. Let y = x + 8. List the prime factors of y.
2, 3
Suppose 8*q - 80 = 3*q. Let k = 32 - q. List the prime factors of k.
2
Let n = -35 + 74. Suppose -4*j = 3 - n. What are the prime factors of j?
3
Let b(a) = -11 + 3 + 8*a**2 - 2*a**2 - 5*a - 3*a + a**3. Let j be b(-7). Let r = 8 + j. List the prime factors of r.
7
Suppose 2*x - 3 = -3*n + 2*n, 3*n + 24 = 5*x. What are the prime factors of 14/2 - (2 + n)?
2
Let o(x) = -10*x**3 + 2*x + 1. Let p be o(-1). Let m = 6 - 8. Let s = p + m. What are the prime factors of s?
7
What are the prime factors of 3 + (6/24 - 1263/(-4))?
11, 29
Let w(b) = -b**3 + b**2 + 27. Suppose 0*h = 4*h. What are the prime factors of w(h)?
3
Let r = 20 - 11. Let p = r - -6. Suppose -4*c = w + w - 16, 3*w = -3*c + p. What are the prime factors of c?
3
Let j(i) = -i**3 + 9*i**2 - 9*i - 8. Let t be j(8). Let p be (-3)/(3/5) + 0. Let s = p - t. What are the prime factors of s?
11
List the prime factors of (-1)/(395/1407 - 10/35).
3, 67
Let u(m) = -m**3 + 12*m**2 - 11*m - 2. Let q be u(11). What are the prime factors of q*5*(-12)/15?
2
Suppose 2*v - 3*v = -3, -3*v = -3*r + 69. Suppose 2*k + 0*k - r = 0. What are the prime factors of k?
13
Let r(u) = -u**3 - 7*u**2 - 2*u - 4. Let y = 17 - 24. List the prime factors of r(y).
2, 5
Let x = 89 - 46. Suppose 3*d = x + 125. Suppose -d = o - 5*o. List the prime factors of o.
2, 7
Suppose 6*y + 100 = 3*n + 7*y, 2*n - 50 = -